{"id":88,"date":"2015-03-30T09:04:58","date_gmt":"2015-03-30T08:04:58","guid":{"rendered":"http:\/\/solamiklavz.splet.arnes.si\/?page_id=88"},"modified":"2025-10-14T16:30:57","modified_gmt":"2025-10-14T14:30:57","slug":"oddelki-razredniki-ucitelji","status":"publish","type":"page","link":"https:\/\/www.sola-miklavz.si\/?page_id=88","title":{"rendered":"Oddelki, razredniki"},"content":{"rendered":"<p><img loading=\"lazy\" decoding=\"async\" class=\"size-full wp-image-460 aligncenter\" src=\"http:\/\/solamiklavz.splet.arnes.si\/files\/2015\/03\/pouk.jpg\" alt=\"pouk\" width=\"100\" height=\"98\" srcset=\"https:\/\/www.sola-miklavz.si\/files\/2015\/03\/pouk.jpg 100w, https:\/\/www.sola-miklavz.si\/files\/2015\/03\/pouk-56x55.jpg 56w\" sizes=\"auto, (max-width: 100px) 100vw, 100px\" \/><\/p>\n<table>\n<tbody>\n<tr>\n<td width=\"64\">Razred<\/td>\n<td width=\"57\">\u0160t. u\u010d.<\/p>\n<p>(de\u010dki)<\/td>\n<td width=\"66\">\u0160t. u\u010d.<\/p>\n<p>(deklice)<\/td>\n<td width=\"75\">\u0160t. u\u010d.<\/p>\n<p>(SKUPAJ)<\/td>\n<td width=\"380\">Razrednik<\/td>\n<\/tr>\n<tr>\n<td width=\"64\">1. A<\/td>\n<td width=\"57\">7<\/td>\n<td width=\"66\">9<\/td>\n<td width=\"75\">16<\/td>\n<td width=\"380\">Alenka Primec<\/td>\n<\/tr>\n<tr>\n<td width=\"64\">1. B<\/td>\n<td width=\"57\">8<\/td>\n<td width=\"66\">13<\/td>\n<td width=\"75\">21<\/td>\n<td width=\"380\">Sa\u0161a Stankovi\u010d<\/td>\n<\/tr>\n<tr>\n<td width=\"64\">1. C<\/td>\n<td width=\"57\">9<\/td>\n<td width=\"66\">11<\/td>\n<td width=\"75\">20<\/td>\n<td width=\"380\">Ana \u0160oba<\/td>\n<\/tr>\n<tr>\n<td width=\"64\">2. A<\/td>\n<td width=\"57\">13<\/td>\n<td width=\"66\">14<\/td>\n<td width=\"75\">27<\/td>\n<td width=\"380\">Jerneja Malec<\/td>\n<\/tr>\n<tr>\n<td width=\"64\">2. B<\/td>\n<td width=\"57\">13<\/td>\n<td width=\"66\">11<\/td>\n<td width=\"75\">24<\/td>\n<td width=\"380\">Ksenija Deti\u010dek<\/td>\n<\/tr>\n<tr>\n<td width=\"64\">2. C<\/td>\n<td width=\"57\">13<\/td>\n<td width=\"66\">10<\/td>\n<td width=\"75\">23<\/td>\n<td width=\"380\">Barbara Ajdinovi\u010d<\/td>\n<\/tr>\n<tr>\n<td width=\"64\">3. A<\/td>\n<td width=\"57\">12<\/td>\n<td width=\"66\">11<\/td>\n<td width=\"75\">23<\/td>\n<td width=\"380\">Du\u0161anka Kop\u0161e<\/td>\n<\/tr>\n<tr>\n<td width=\"64\">3. B<\/td>\n<td width=\"57\">12<\/td>\n<td width=\"66\">15<\/td>\n<td width=\"75\">27<\/td>\n<td width=\"380\">Simona Kocbek<\/td>\n<\/tr>\n<tr>\n<td width=\"64\">3. C<\/td>\n<td width=\"57\">15<\/td>\n<td width=\"66\">11<\/td>\n<td width=\"75\">26<\/td>\n<td width=\"380\">Edita Gar\u0161i\u010d<\/td>\n<\/tr>\n<tr>\n<td width=\"64\">4. A<\/td>\n<td width=\"57\">15<\/td>\n<td width=\"66\">5<\/td>\n<td width=\"75\">20<\/td>\n<td width=\"380\">Darja Nerat<\/td>\n<\/tr>\n<tr>\n<td width=\"64\">4. B<\/td>\n<td width=\"57\">10<\/td>\n<td width=\"66\">15<\/td>\n<td width=\"75\">25<\/td>\n<td width=\"380\">Janja \u0160trucl<\/td>\n<\/tr>\n<tr>\n<td width=\"64\">4. C<\/td>\n<td width=\"57\">13<\/td>\n<td width=\"66\">11<\/td>\n<td width=\"75\">24<\/td>\n<td width=\"380\">Nata\u0161a Bukov\u0161ek Kosi<\/td>\n<\/tr>\n<tr>\n<td width=\"64\">5. A<\/td>\n<td width=\"57\">7<\/td>\n<td width=\"66\">9<\/td>\n<td width=\"75\">16<\/td>\n<td width=\"380\">Irena Kos<\/td>\n<\/tr>\n<tr>\n<td width=\"64\">5. B<\/td>\n<td width=\"57\">11<\/td>\n<td width=\"66\">12<\/td>\n<td width=\"75\">23<\/td>\n<td width=\"380\">Darja Majheni\u010d<\/td>\n<\/tr>\n<tr>\n<td width=\"64\">5. C<\/td>\n<td width=\"57\">10<\/td>\n<td width=\"66\">10<\/td>\n<td width=\"75\">20<\/td>\n<td width=\"380\">Simona \u017ditnik<\/td>\n<\/tr>\n<tr>\n<td width=\"64\">5. D<\/td>\n<td width=\"57\">10<\/td>\n<td width=\"66\">11<\/td>\n<td width=\"75\">21<\/td>\n<td width=\"380\">Manuela Valant<\/td>\n<\/tr>\n<tr>\n<td width=\"64\">6. A<\/td>\n<td width=\"57\">9<\/td>\n<td width=\"66\">15<\/td>\n<td width=\"75\">24<\/td>\n<td width=\"380\">Ines \u017darki<\/td>\n<\/tr>\n<tr>\n<td width=\"64\">6. B<\/td>\n<td width=\"57\">9<\/td>\n<td width=\"66\">13<\/td>\n<td width=\"75\">22<\/td>\n<td width=\"380\">Marjetka Klep<\/td>\n<\/tr>\n<tr>\n<td width=\"64\">6. C<\/td>\n<td width=\"57\">10<\/td>\n<td width=\"66\">13<\/td>\n<td width=\"75\">23<\/td>\n<td width=\"380\">Jasna Zamuda<\/td>\n<\/tr>\n<tr>\n<td width=\"64\">6. D<\/td>\n<td width=\"57\">12<\/td>\n<td width=\"66\">13<\/td>\n<td width=\"75\">25<\/td>\n<td width=\"380\">Katja Zobec<\/td>\n<\/tr>\n<tr>\n<td width=\"64\">7. A<\/td>\n<td width=\"57\">10<\/td>\n<td width=\"66\">10<\/td>\n<td width=\"75\">20<\/td>\n<td width=\"380\">Rok Ti\u0161ler<\/td>\n<\/tr>\n<tr>\n<td width=\"64\">7. B<\/td>\n<td width=\"57\">10<\/td>\n<td width=\"66\">9<\/td>\n<td width=\"75\">19<\/td>\n<td width=\"380\">Jasmina Karaka\u0161<\/td>\n<\/tr>\n<tr>\n<td width=\"64\">7. C<\/td>\n<td width=\"57\">11<\/td>\n<td width=\"66\">7<\/td>\n<td width=\"75\">18<\/td>\n<td width=\"380\">Rok Ozmec<\/td>\n<\/tr>\n<tr>\n<td width=\"64\">8. A<\/td>\n<td width=\"57\">12<\/td>\n<td width=\"66\">10<\/td>\n<td width=\"75\">22<\/td>\n<td width=\"380\">Nu\u0161a Vajs<\/td>\n<\/tr>\n<tr>\n<td width=\"64\">8. B<\/td>\n<td width=\"57\">12<\/td>\n<td width=\"66\">10<\/td>\n<td width=\"75\">22<\/td>\n<td width=\"380\">Branka \u010cak\u0161<\/td>\n<\/tr>\n<tr>\n<td width=\"64\">8. C<\/td>\n<td width=\"57\">11<\/td>\n<td width=\"66\">11<\/td>\n<td width=\"75\">22<\/td>\n<td width=\"380\">Marko Borko<\/td>\n<\/tr>\n<tr>\n<td width=\"64\">9. A<\/td>\n<td width=\"57\">13<\/td>\n<td width=\"66\">11<\/td>\n<td width=\"75\">24<\/td>\n<td width=\"380\">Bojana Pauman<\/td>\n<\/tr>\n<tr>\n<td width=\"64\">9. B<\/td>\n<td width=\"57\">10<\/td>\n<td width=\"66\">14<\/td>\n<td width=\"75\">24<\/td>\n<td width=\"380\">Andreja Kolander<\/td>\n<\/tr>\n<tr>\n<td width=\"64\">9. C<\/td>\n<td width=\"57\">10<\/td>\n<td width=\"66\">12<\/td>\n<td width=\"75\">22<\/td>\n<td width=\"380\">Janja Dra\u0161kovi\u010d<\/td>\n<\/tr>\n<tr>\n<td width=\"64\">9. D<\/td>\n<td width=\"57\">14<\/td>\n<td width=\"66\">9<\/td>\n<td width=\"75\">23<\/td>\n<td width=\"380\">Ines Pe\u010dnik<\/td>\n<\/tr>\n<tr>\n<td width=\"64\">Skupaj<\/td>\n<td width=\"57\">331<\/td>\n<td width=\"66\">335<\/td>\n<td width=\"75\">666<\/td>\n<td width=\"380\">&nbsp;<\/td>\n<\/tr>\n<\/tbody>\n<\/table>\n","protected":false},"excerpt":{"rendered":"<p>Razred \u0160t. u\u010d. (de\u010dki) \u0160t. u\u010d. (deklice) \u0160t. u\u010d. (SKUPAJ) Razrednik 1. A 7 9 16 Alenka Primec 1. B 8 13 21 Sa\u0161a Stankovi\u010d 1. C 9 11 20 Ana \u0160oba 2. A 13 14 27 Jerneja Malec 2. B 13 11 24 Ksenija Deti\u010dek 2. C 13 10&#46;&#46;&#46;<\/p>\n","protected":false},"author":2448,"featured_media":0,"parent":0,"menu_order":0,"comment_status":"open","ping_status":"open","template":"","meta":{"ngg_post_thumbnail":0,"footnotes":"","_expiration-date-status":"","_expiration-date":0,"_expiration-date-type":"","_expiration-date-categories":[],"_expiration-date-options":[]},"class_list":["post-88","page","type-page","status-publish","hentry"],"_links":{"self":[{"href":"https:\/\/www.sola-miklavz.si\/index.php?rest_route=\/wp\/v2\/pages\/88","targetHints":{"allow":["GET"]}}],"collection":[{"href":"https:\/\/www.sola-miklavz.si\/index.php?rest_route=\/wp\/v2\/pages"}],"about":[{"href":"https:\/\/www.sola-miklavz.si\/index.php?rest_route=\/wp\/v2\/types\/page"}],"author":[{"embeddable":true,"href":"https:\/\/www.sola-miklavz.si\/index.php?rest_route=\/wp\/v2\/users\/2448"}],"replies":[{"embeddable":true,"href":"https:\/\/www.sola-miklavz.si\/index.php?rest_route=%2Fwp%2Fv2%2Fcomments&post=88"}],"version-history":[{"count":17,"href":"https:\/\/www.sola-miklavz.si\/index.php?rest_route=\/wp\/v2\/pages\/88\/revisions"}],"predecessor-version":[{"id":31874,"href":"https:\/\/www.sola-miklavz.si\/index.php?rest_route=\/wp\/v2\/pages\/88\/revisions\/31874"}],"wp:attachment":[{"href":"https:\/\/www.sola-miklavz.si\/index.php?rest_route=%2Fwp%2Fv2%2Fmedia&parent=88"}],"curies":[{"name":"wp","href":"https:\/\/api.w.org\/{rel}","templated":true}]}}