{"id":71,"date":"2015-03-30T08:58:50","date_gmt":"2015-03-30T07:58:50","guid":{"rendered":"http:\/\/solamiklavz.splet.arnes.si\/?page_id=71"},"modified":"2026-02-04T07:29:05","modified_gmt":"2026-02-04T06:29:05","slug":"dokumenti-za-starse","status":"publish","type":"page","link":"https:\/\/www.sola-miklavz.si\/?page_id=71","title":{"rendered":"Dokumenti za star\u0161e"},"content":{"rendered":"<ul>\n<li><a href=\"https:\/\/www.sola-miklavz.si\/files\/2025\/11\/VLOGA-SUBVENCIONIRANJE-DNEVOV-DEJAVNOSTI.pdf\" target=\"_blank\" rel=\"noopener\">Vloga za dodelitev subvencije za dneve dejavnosti<\/a><\/li>\n<li><a href=\"https:\/\/www.sola-miklavz.si\/files\/2025\/11\/VLOGA-SUBVENCIONIRANJE-SOLE-V-NARAVI.pdf\" target=\"_blank\" rel=\"noopener\">Vloga za subvencioniranje \u0161ole v naravi<\/a><\/li>\n<li><a href=\"https:\/\/www.sola-miklavz.si\/files\/2025\/11\/VLOGA-SUBVENCIONIRANJE_KOSIL.pdf\" target=\"_blank\" rel=\"noopener\">Vloga za dodelitev subvencije za kosilo iz ob\u010dinskih sredstev<\/a><\/li>\n<li><a href=\"https:\/\/www.sola-miklavz.si\/files\/2025\/11\/subvencionirane-vozovnice-2025_26-zimski-cas.pdf\" target=\"_blank\" rel=\"noopener\">Naro\u010dilo subvencionirane vozovnice v zimskih mesecih 2025-2026<\/a>\n<ul>\n<li><a href=\"https:\/\/www.sola-miklavz.si\/files\/2025\/11\/pravilnik-o-prevozu-soloobveznih-otrok-MUV-27_2019.pdf\" target=\"_blank\" rel=\"noopener\">pravilnik o prevozu \u0161oloobveznih otrok MUV 27_2019<\/a><\/li>\n<\/ul>\n<\/li>\n<li><a href=\"https:\/\/www.sola-miklavz.si\/files\/2025\/12\/Soglasje-za-direktno-bremenitev-trajniki.pdf\" target=\"_blank\" rel=\"noopener\">Soglasje za direktno bremenitev SEPA<\/a><\/li>\n<li><a href=\"https:\/\/www.sola-miklavz.si\/files\/2026\/02\/Izjava-starsev-za-zdruzevanje-poloznic.pdf\" target=\"_blank\" rel=\"noopener\">Izjava star\u0161ev za zdru\u017eevanje polo\u017enic<\/a><\/li>\n<\/ul>\n<p>&#8212;-<\/p>\n<div class=\"article-content\">\n<ul>\n<li><a href=\"http:\/\/solamiklavz.splet.arnes.si\/files\/2015\/03\/vloga-za-pridobitev-statusa-1.pdf\" target=\"_blank\" rel=\"noopener noreferrer\">Vloga za pridobitev statusa \u0161portnika ali umetnika<\/a><\/li>\n<li><a href=\"https:\/\/www.sola-miklavz.si\/files\/2025\/08\/preklic-prijave-ucenca-na-solsko-prehrano-2025_2026.pdf\" target=\"_blank\" rel=\"noopener\">Obrazec za preklic prijave prehrane 2025-2026<\/a><\/li>\n<li><a href=\"https:\/\/www.sola-miklavz.si\/files\/2025\/06\/prijavnica-na-solsko-prehrano-2025-26.pdf\" target=\"_blank\" rel=\"noopener\">Obrazec za prijavo prehrane 2025-2026<\/a><\/li>\n<\/ul>\n<p>PRAVILNIKI<\/p>\n<ul>\n<li><a href=\"https:\/\/www.sola-miklavz.si\/files\/2015\/03\/PRAVILA-o-pril.-solskih-obveznosti-2019-2020.pdf\" target=\"_blank\" rel=\"noopener noreferrer\">Pravilnik o prilagajanju \u0161olskih obveznosti<\/a><\/li>\n<li><a href=\"http:\/\/solamiklavz.splet.arnes.si\/files\/2020\/09\/Prito\u017ebena-komisija_POSLOVNIK12.09.2014.pdf\" target=\"_blank\" rel=\"noopener noreferrer\">Poslovnik za delo prito\u017ebene komisije<\/a><\/li>\n<li><a href=\"https:\/\/www.sola-miklavz.si\/files\/2023\/01\/Pravila-solske-prehrane-september-2022.pdf\" target=\"_blank\" rel=\"noopener\">Pravila o \u0161olski prehrani<\/a><\/li>\n<li><a href=\"https:\/\/www.sola-miklavz.si\/files\/2015\/10\/Pravilnik-o-podeljevanju-pohval-priznanj-in-nagrad-2015-16.pdf\">Pravilnik o podeljevanju pohval, priznanj in nagrad<\/a><\/li>\n<li><a href=\"http:\/\/solamiklavz.splet.arnes.si\/files\/2015\/03\/Pravilnik-o-vzgojnih-ukrepih-in-opominih1.pdf\" target=\"_blank\" rel=\"noopener noreferrer\">Pravilnik o vzgojnih ukrepih in opominih<\/a><\/li>\n<li><a href=\"http:\/\/solamiklavz.splet.arnes.si\/files\/2019\/09\/KRITERIJI-\u0160vN2019-20.pdf\" target=\"_blank\" rel=\"noopener noreferrer\">Kriteriji za subvencioniranje \u0161ole v naravi<\/a><\/li>\n<\/ul>\n<\/div>\n","protected":false},"excerpt":{"rendered":"<p>Vloga za dodelitev subvencije za dneve dejavnosti Vloga za subvencioniranje \u0161ole v naravi Vloga za dodelitev subvencije za kosilo iz ob\u010dinskih sredstev Naro\u010dilo subvencionirane vozovnice v zimskih mesecih 2025-2026 pravilnik o prevozu \u0161oloobveznih otrok MUV 27_2019 Soglasje za direktno bremenitev SEPA Izjava star\u0161ev za zdru\u017eevanje polo\u017enic &#8212;- Vloga za pridobitev&#46;&#46;&#46;<\/p>\n","protected":false},"author":2448,"featured_media":0,"parent":0,"menu_order":0,"comment_status":"open","ping_status":"open","template":"","meta":{"ngg_post_thumbnail":0,"footnotes":"","_expiration-date-status":"","_expiration-date":0,"_expiration-date-type":"","_expiration-date-categories":[],"_expiration-date-options":[]},"class_list":["post-71","page","type-page","status-publish","hentry"],"_links":{"self":[{"href":"https:\/\/www.sola-miklavz.si\/index.php?rest_route=\/wp\/v2\/pages\/71","targetHints":{"allow":["GET"]}}],"collection":[{"href":"https:\/\/www.sola-miklavz.si\/index.php?rest_route=\/wp\/v2\/pages"}],"about":[{"href":"https:\/\/www.sola-miklavz.si\/index.php?rest_route=\/wp\/v2\/types\/page"}],"author":[{"embeddable":true,"href":"https:\/\/www.sola-miklavz.si\/index.php?rest_route=\/wp\/v2\/users\/2448"}],"replies":[{"embeddable":true,"href":"https:\/\/www.sola-miklavz.si\/index.php?rest_route=%2Fwp%2Fv2%2Fcomments&post=71"}],"version-history":[{"count":20,"href":"https:\/\/www.sola-miklavz.si\/index.php?rest_route=\/wp\/v2\/pages\/71\/revisions"}],"predecessor-version":[{"id":33153,"href":"https:\/\/www.sola-miklavz.si\/index.php?rest_route=\/wp\/v2\/pages\/71\/revisions\/33153"}],"wp:attachment":[{"href":"https:\/\/www.sola-miklavz.si\/index.php?rest_route=%2Fwp%2Fv2%2Fmedia&parent=71"}],"curies":[{"name":"wp","href":"https:\/\/api.w.org\/{rel}","templated":true}]}}