{"id":56,"date":"2015-03-30T08:47:19","date_gmt":"2015-03-30T07:47:19","guid":{"rendered":"http:\/\/solamiklavz.splet.arnes.si\/?page_id=56"},"modified":"2025-10-14T16:37:16","modified_gmt":"2025-10-14T14:37:16","slug":"pogovorne-ure","status":"publish","type":"page","link":"https:\/\/www.sola-miklavz.si\/?page_id=56","title":{"rendered":"Pogovorne ure"},"content":{"rendered":"<p><strong>POGOVORNE URE V MIKLAV\u017dU<\/strong><\/p>\n<table width=\"642\">\n<tbody>\n<tr>\n<td width=\"222\">DATUM<\/td>\n<td width=\"191\">URA<\/td>\n<td width=\"229\">RAZRED<\/td>\n<\/tr>\n<tr>\n<td width=\"222\">14. 10. 2025<\/td>\n<td width=\"191\">16.30\u201317.30<\/p>\n<p>17.00 \u2013 18.00<\/td>\n<td width=\"229\">od 6. do 9. r.<\/p>\n<p>od 1. do 5. r.<\/td>\n<\/tr>\n<tr>\n<td width=\"222\">9. 12. 2025<\/td>\n<td width=\"191\">16.30\u201317.30<\/p>\n<p>17.00 \u2013 18.00<\/td>\n<td width=\"229\">od 6. do 9. r.<\/p>\n<p>od 1. do 5. r.<\/td>\n<\/tr>\n<tr>\n<td width=\"222\">13. 1. 2026<\/td>\n<td width=\"191\">16.30 \u201317.30<\/p>\n<p>17.00 \u2013 18.00<\/td>\n<td width=\"229\">od 6. do 9. r.<\/p>\n<p>od 1. do 5. r.<\/td>\n<\/tr>\n<tr>\n<td width=\"222\">10. 3. 2026<\/td>\n<td width=\"191\">16.30\u201317.30<\/p>\n<p>17.00 \u2013 18.00<\/td>\n<td width=\"229\">od 6. do 9. r.<\/p>\n<p>od 1. do 5. r.<\/td>\n<\/tr>\n<tr>\n<td width=\"222\">14. 4. 2026<\/td>\n<td width=\"191\">16.30\u201317.30<\/p>\n<p>17.00 -18.00<\/td>\n<td width=\"229\">od 6. do 9. r.<\/p>\n<p>od 1. do 5. r.<\/td>\n<\/tr>\n<tr>\n<td width=\"222\">12. 5. 2026<\/td>\n<td width=\"191\">16.30\u201317.30<\/p>\n<p>17.00 \u2013 18.00<\/td>\n<td width=\"229\">od 6. do 9. r.<\/p>\n<p>od 1. do 5. r.<\/td>\n<\/tr>\n<\/tbody>\n<\/table>\n<p>&nbsp;<\/p>\n<p><strong>POGOVORNE URE V DOBROVCAH<\/strong><\/p>\n<table width=\"642\">\n<tbody>\n<tr>\n<td width=\"222\">Datum<\/td>\n<td width=\"191\">Ura<\/td>\n<td width=\"229\">Razred<\/td>\n<\/tr>\n<tr>\n<td width=\"222\">13. 10. 2025<\/td>\n<td width=\"191\">17.00 \u2013 18.00<\/td>\n<td width=\"229\">od 1. do 5. r.<\/td>\n<\/tr>\n<tr>\n<td width=\"222\">8. 12. 2025<\/td>\n<td width=\"191\">17.00 \u2013 18.00<\/td>\n<td width=\"229\">od 1. do 5. r.<\/td>\n<\/tr>\n<tr>\n<td width=\"222\">12. 1. 2026<\/td>\n<td width=\"191\">17.00 \u2013 18.00<\/td>\n<td width=\"229\">od 1. do 5. r.<\/td>\n<\/tr>\n<tr>\n<td width=\"222\">9. 3. 2026<\/td>\n<td width=\"191\">17.00 \u2013 18.00<\/td>\n<td width=\"229\">od 1. do 5. r.<\/td>\n<\/tr>\n<tr>\n<td width=\"222\">14. 4. 2026<\/td>\n<td width=\"191\">17.00 -18.00<\/td>\n<td width=\"229\">od 1. do 5. r.<\/td>\n<\/tr>\n<tr>\n<td width=\"222\">11. 5. 2026<\/td>\n<td width=\"191\">17.00 \u2013 18.00<\/td>\n<td width=\"229\">od 1. do 5. r.<\/td>\n<\/tr>\n<\/tbody>\n<\/table>\n<p>&nbsp;<\/p>\n<p>V \u010dasu pogovornih ur so na \u0161oli prisotni vsi strokovni delavci. Za udele\u017ebo na pogovornih urah pri razrednikih se star\u0161i vpi\u0161ejo v pripravljen \u010dasovni razpored.<\/p>\n<p>&nbsp;<\/p>\n<p>Individualne pogovorne ure strokovnih delavcev potekajo v dopoldanskem \u010dasu, star\u0161i se za udele\u017ebo ob dolo\u010denem terminu z u\u010diteljem predhodno dogovorijo po telefonu ali preko e-po\u0161te. Pogovorna ura lahko poteka tudi po telefonu.<\/p>\n","protected":false},"excerpt":{"rendered":"<p>POGOVORNE URE V MIKLAV\u017dU DATUM URA RAZRED 14. 10. 2025 16.30\u201317.30 17.00 \u2013 18.00 od 6. do 9. r. od 1. do 5. r. 9. 12. 2025 16.30\u201317.30 17.00 \u2013 18.00 od 6. do 9. r. od 1. do 5. r. 13. 1. 2026 16.30 \u201317.30 17.00 \u2013 18.00 od&#46;&#46;&#46;<\/p>\n","protected":false},"author":2448,"featured_media":0,"parent":0,"menu_order":0,"comment_status":"open","ping_status":"open","template":"","meta":{"ngg_post_thumbnail":0,"footnotes":"","_expiration-date-status":"","_expiration-date":0,"_expiration-date-type":"","_expiration-date-categories":[],"_expiration-date-options":[]},"class_list":["post-56","page","type-page","status-publish","hentry"],"_links":{"self":[{"href":"https:\/\/www.sola-miklavz.si\/index.php?rest_route=\/wp\/v2\/pages\/56","targetHints":{"allow":["GET"]}}],"collection":[{"href":"https:\/\/www.sola-miklavz.si\/index.php?rest_route=\/wp\/v2\/pages"}],"about":[{"href":"https:\/\/www.sola-miklavz.si\/index.php?rest_route=\/wp\/v2\/types\/page"}],"author":[{"embeddable":true,"href":"https:\/\/www.sola-miklavz.si\/index.php?rest_route=\/wp\/v2\/users\/2448"}],"replies":[{"embeddable":true,"href":"https:\/\/www.sola-miklavz.si\/index.php?rest_route=%2Fwp%2Fv2%2Fcomments&post=56"}],"version-history":[{"count":16,"href":"https:\/\/www.sola-miklavz.si\/index.php?rest_route=\/wp\/v2\/pages\/56\/revisions"}],"predecessor-version":[{"id":31433,"href":"https:\/\/www.sola-miklavz.si\/index.php?rest_route=\/wp\/v2\/pages\/56\/revisions\/31433"}],"wp:attachment":[{"href":"https:\/\/www.sola-miklavz.si\/index.php?rest_route=%2Fwp%2Fv2%2Fmedia&parent=56"}],"curies":[{"name":"wp","href":"https:\/\/api.w.org\/{rel}","templated":true}]}}