{"id":33140,"date":"2026-02-03T12:29:21","date_gmt":"2026-02-03T11:29:21","guid":{"rendered":"https:\/\/solamiklavz.splet.arnes.si\/?page_id=33140"},"modified":"2026-03-02T10:52:32","modified_gmt":"2026-03-02T09:52:32","slug":"karierna-orientacija","status":"publish","type":"page","link":"https:\/\/www.sola-miklavz.si\/?page_id=33140","title":{"rendered":"Karierna orientacija"},"content":{"rendered":"<p style=\"text-align: center\"><span style=\"color: #33cccc;font-size: 18pt\"><strong>KARIERNA ORIENTACIJA<\/strong><\/span><\/p>\n<p><strong><span style=\"font-size: 18pt;color: #0000ff\">ELEKTRONSKO PRIJAVLJANJE NA SREDNJE \u0160OLE<\/span><\/strong><\/p>\n<p><strong>1.korak<\/strong>&#8211; <a href=\"https:\/\/paka3.mss.edus.si\/vp\/ui\/#\/\">POVEZAVA DO VPISNE APLIKACIJE<\/a>&nbsp;<\/p>\n<p>&nbsp;<a href=\"https:\/\/www.sola-miklavz.si\/files\/2026\/02\/Registracija-uporabnika-v-aplikaciji-VPISNI-POSTOPKI.pdf\">Registracija uporabnika v aplikaciji-VPISNI POSTOPKI&nbsp; &nbsp;<span style=\"color: #000000\"> (povezava do vpisa se nahaja tudi na prvi strani tega dokumenta)<\/span><\/a><\/p>\n<p><strong>2. korak<\/strong> &#8211; Po registraciji uporabnika, se vpi\u0161ete nazaj v aplikacijo in na levi strani izberite &#8220;<strong>VPIS V SREDNJO \u0160OLO&#8221;<\/strong><\/p>\n<p><strong>3. korak<\/strong> &#8211; Video vodi\u010d izpolnjevanja elektronske prijavnice<\/p>\n<div style=\"width: 1920px;\" class=\"wp-video\"><video class=\"wp-video-shortcode\" id=\"video-33140-1\" width=\"1920\" height=\"1080\" preload=\"metadata\" controls=\"controls\"><source type=\"video\/mp4\" src=\"https:\/\/www.sola-miklavz.si\/files\/2026\/02\/SS_navodilaMVI-za-izpolnjevanje-prijavnic.mp4?_=1\" \/><a href=\"https:\/\/www.sola-miklavz.si\/files\/2026\/02\/SS_navodilaMVI-za-izpolnjevanje-prijavnic.mp4\">https:\/\/www.sola-miklavz.si\/files\/2026\/02\/SS_navodilaMVI-za-izpolnjevanje-prijavnic.mp4<\/a><\/video><\/div>\n<p><strong>4.korak<\/strong> &#8211; Izpolnjeno prijavnico <span style=\"color: #ff0000\"><strong>natisnete<\/strong><\/span> in jo<span style=\"color: #ff0000\"> <strong>podpisano<\/strong><\/span> prinesete v pisarno Svetovalne slu\u017ebe, k pedagoginji Vesni Jelen Godunc ali pedagoginji Bojani Juki\u0107<\/p>\n<p>&nbsp;<\/p>\n<p>&nbsp;<\/p>\n<ul>\n<li><a href=\"https:\/\/www.sola-miklavz.si\/files\/2026\/02\/ROKOVNIK-ZA-VPIS-V-SREDNJE-SOLE-za-ucence-9.razred-OS-Miklavz-na-Dr.polju-PDF-2.pdf\"><span style=\"color: #000000\">ROKOVNIK ZA VPIS V SREDNJE \u0160OLE za u\u010dence 9.razred O\u0160 Miklav\u017e na Dravskem polju<\/span><\/a><\/li>\n<\/ul>\n<p>&nbsp;<\/p>\n<ul>\n<li><a href=\"https:\/\/www.sola-miklavz.si\/files\/2026\/02\/Razpis-za-vpis-v-programe-nizjega-srednjega-poklicnega-in-srednjega-strokovnega-izobrazevanja-ter-gimnazij3.pdf\"><span style=\"color: #000000\">Razpis za vpis v programe nizjega srednjega poklicnega in srednjega strokovnega izobrazevanja ter gimnazij<\/span><\/a><\/li>\n<\/ul>\n<p>&nbsp;<\/p>\n<ul>\n<li><a href=\"https:\/\/www.sola-miklavz.si\/files\/2026\/02\/Razpis-za-vpis-v-srednje-sole-in-dijaske-domove-v-solskem-letu-2026-2027_Podravska-regija.pdf\"><span style=\"color: #000000\">Razpis za vpis v srednje \u0161ole in dija\u0161ke domove v \u0161olskem letu 2026-2027_Podravska regija<\/span><\/a><\/li>\n<\/ul>\n<p>&nbsp;<\/p>\n<ul>\n<li><a href=\"https:\/\/www.gov.si\/zbirke\/storitve\/prijava-za-opravljanje-preizkusov-nadarjenosti-znanja-in-spretnosti-in-izpolnjevanje-posebnih-pogojev-za-vpis\/\"><span style=\"color: #000000\">Obrazci za opravljanje preizkusov nadarjenosti, znanja in spretnosti in izpolnjevanje posebnih pogojev<\/span><\/a><\/li>\n<\/ul>\n<p>&nbsp;<\/p>\n<ul>\n<li><span style=\"color: #000000\"><a style=\"color: #000000\" href=\"https:\/\/paka3.mss.edus.si\/vp\/ui\/#\/srednja-sola\/izracun-tock\">Tabela za izra\u010dun to\u010dk v primeru omejitve vpisa<\/a>&nbsp;<\/span><\/li>\n<\/ul>\n<p>&nbsp;<\/p>\n<ul>\n<li><span style=\"color: #000000\"><a style=\"color: #000000\" href=\"https:\/\/app.box.com\/s\/bcmg424k8ay8h4m3yj1iznq6mm71h6hs\">Srednje\u0161olski Vpisnik 2026<\/a><\/span><\/li>\n<\/ul>\n<p>&nbsp;<\/p>\n<ul>\n<li><span style=\"color: #000000\"><a style=\"color: #000000\" href=\"https:\/\/www.dijaskisvet.si\/kategorija\/dijaski-svet\/vpis-v-srednjo-solo\/\">Povezava na informacijsko sredi\u0161\u010de &#8211; www.dijaskisvet.si<\/a><\/span><\/li>\n<\/ul>\n<p>&nbsp;<\/p>\n<ul>\n<li><span style=\"color: #000000\"><a style=\"color: #000000\" href=\"https:\/\/www.gov.si\/podrocja\/izobrazevanje-znanost-in-sport\/stipendije\/\">\u0160tipendije<\/a><\/span><\/li>\n<\/ul>\n<p><img loading=\"lazy\" decoding=\"async\" class=\" wp-image-33163 aligncenter\" src=\"https:\/\/www.sola-miklavz.si\/files\/2026\/02\/slikica-karierna-orientacija-300x188.png\" alt=\"\" width=\"307\" height=\"192\" srcset=\"https:\/\/www.sola-miklavz.si\/files\/2026\/02\/slikica-karierna-orientacija-300x188.png 300w, https:\/\/www.sola-miklavz.si\/files\/2026\/02\/slikica-karierna-orientacija-1024x640.png 1024w, https:\/\/www.sola-miklavz.si\/files\/2026\/02\/slikica-karierna-orientacija-768x480.png 768w, https:\/\/www.sola-miklavz.si\/files\/2026\/02\/slikica-karierna-orientacija.png 1080w\" sizes=\"auto, (max-width: 307px) 100vw, 307px\" \/><\/p>\n","protected":false},"excerpt":{"rendered":"<p>KARIERNA ORIENTACIJA ELEKTRONSKO PRIJAVLJANJE NA SREDNJE \u0160OLE 1.korak&#8211; POVEZAVA DO VPISNE APLIKACIJE&nbsp; &nbsp;Registracija uporabnika v aplikaciji-VPISNI POSTOPKI&nbsp; &nbsp; (povezava do vpisa se nahaja tudi na prvi strani tega dokumenta) 2. korak &#8211; Po registraciji uporabnika, se vpi\u0161ete nazaj v aplikacijo in na levi strani izberite &#8220;VPIS V SREDNJO \u0160OLO&#8221; 3.&#46;&#46;&#46;<\/p>\n","protected":false},"author":2448,"featured_media":0,"parent":0,"menu_order":0,"comment_status":"closed","ping_status":"closed","template":"","meta":{"ngg_post_thumbnail":0,"footnotes":"","_expiration-date-status":"","_expiration-date":0,"_expiration-date-type":"","_expiration-date-categories":[],"_expiration-date-options":[]},"class_list":["post-33140","page","type-page","status-publish","hentry"],"_links":{"self":[{"href":"https:\/\/www.sola-miklavz.si\/index.php?rest_route=\/wp\/v2\/pages\/33140","targetHints":{"allow":["GET"]}}],"collection":[{"href":"https:\/\/www.sola-miklavz.si\/index.php?rest_route=\/wp\/v2\/pages"}],"about":[{"href":"https:\/\/www.sola-miklavz.si\/index.php?rest_route=\/wp\/v2\/types\/page"}],"author":[{"embeddable":true,"href":"https:\/\/www.sola-miklavz.si\/index.php?rest_route=\/wp\/v2\/users\/2448"}],"replies":[{"embeddable":true,"href":"https:\/\/www.sola-miklavz.si\/index.php?rest_route=%2Fwp%2Fv2%2Fcomments&post=33140"}],"version-history":[{"count":15,"href":"https:\/\/www.sola-miklavz.si\/index.php?rest_route=\/wp\/v2\/pages\/33140\/revisions"}],"predecessor-version":[{"id":33381,"href":"https:\/\/www.sola-miklavz.si\/index.php?rest_route=\/wp\/v2\/pages\/33140\/revisions\/33381"}],"wp:attachment":[{"href":"https:\/\/www.sola-miklavz.si\/index.php?rest_route=%2Fwp%2Fv2%2Fmedia&parent=33140"}],"curies":[{"name":"wp","href":"https:\/\/api.w.org\/{rel}","templated":true}]}}