{"id":1153,"date":"2015-09-29T11:05:10","date_gmt":"2015-09-29T10:05:10","guid":{"rendered":"http:\/\/solamiklavz.splet.arnes.si\/?page_id=1153"},"modified":"2025-10-08T12:05:27","modified_gmt":"2025-10-08T10:05:27","slug":"solski-sklad","status":"publish","type":"page","link":"https:\/\/www.sola-miklavz.si\/?page_id=1153","title":{"rendered":"\u0160olski sklad"},"content":{"rendered":"<p><img loading=\"lazy\" decoding=\"async\" class=\"alignleft wp-image-31633 size-full\" src=\"https:\/\/www.sola-miklavz.si\/files\/2025\/10\/logo-sklad.png\" alt=\"\" width=\"295\" height=\"253\">Spo\u0161tovani star\u0161i,<\/p>\n<p>na na\u0161i \u0161oli \u017ee vrsto let deluje \u0161olski sklad. Sredstva \u0161olskega sklada se zbirajo iz prispevkov star\u0161ev u\u010dencev \u0161ole, prispevkov donatorjev in drugih virov (zbiralne akcije papirja, bazar, \u2026).<\/p>\n<p>Iz \u0161olskega sklada se financirajo dejavnosti posameznega razreda, ki presegajo obseg in sestavine obveznega vzgojno-izobra\u017eevalnega programa, zvi\u0161evanje standarda pouka v okviru zagotovljenega vzgojno-izobra\u017eevalnega procesa, dodatno izobra\u017eevanje in nagrajevanje nadarjenih u\u010dencev (raziskovalna dejavnost), razvojno-raziskovalni projekti \u0161ole, povezovanje z drugimi \u0161olami v Sloveniji in tujini, nakup nadstandardne opreme, promocija \u0161ole v javnosti z deli otrok (nate\u010daji, sejmi, razstave \u2026), pomo\u010d u\u010dencem iz socialno \u0161ibkih dru\u017ein in podobno.<\/p>\n<p>&nbsp;<\/p>\n<ul>\n<li><a href=\"https:\/\/www.sola-miklavz.si\/files\/2025\/01\/ZAHVALA-DONATORJEM-2025-1.pdf\" target=\"_blank\" rel=\"noopener\">ZAHVALA DONATORJEM 2025<\/a><\/li>\n<\/ul>\n<p>&nbsp;<\/p>\n<p><strong>SESTAVA UPRAVNEGA ODBORA \u0160OLSKEGA SKLADA<\/strong>:<\/p>\n<p>\u010clani \u0161olskega sklada smo predstavniki star\u0161ev (4) in u\u010diteljev (3).<\/p>\n<p><strong>NAMEN SKLADA<\/strong> je na\u0161im u\u010dencem omogo\u010diti:<\/p>\n<ul>\n<li>financiranje dejavnosti, ki niso del izobra\u017eevalnega programa,<\/li>\n<li>za nakup nadstandardne opreme,<\/li>\n<li>zvi\u0161evanje standarda pouka,<\/li>\n<li>pomo\u010d socialno \u0161ibkim u\u010dencem z denarno pomo\u010djo pla\u010dila dejavnosti, ne subvencioniranih obrokov, pomo\u010di ob smrti star\u0161a ali skrbnika ipd.<\/li>\n<\/ul>\n<p>&nbsp;<strong>VLOGA ZA DODELITEV SREDSTEV \u0160OLSKEGA SKLADA ZA STAR\u0160E<\/strong><\/p>\n<ul>\n<li><a href=\"https:\/\/www.sola-miklavz.si\/files\/2024\/09\/Vloga-za-starse.pdf\" target=\"_blank\" rel=\"noopener\">Vloga za star\u0161e<\/a><\/li>\n<\/ul>\n<p><strong>&nbsp;<\/strong><strong>MO\u017dNOSTI FINANCIRANJA \u0160OLSKEGA SKLADA<\/strong><\/p>\n<p>Na roditeljskem sestanku so razredniki predstavili \u0161olski sklad in Vas seznanili z mo\u017enostjo prostovoljnega prispevka v \u0161olski sklad z motom: \u00bb2 x 8 za \u0161olski sklad\u00ab.<\/p>\n<p>Star\u0161i boste tako v mesecu novembru in aprilu poleg polo\u017enice za prehrano prejeli \u0161e polo\u017enico za prostovoljni prispevek v \u0161olski sklad. V kolikor \u017eelite v \u0161olski sklad donirati ve\u010d kot 2 x 8 \u20ac, lahko to naredite z nakazilom na TRR: SI56 0136 9603 0670 076, koda namena: OTHR, namen nakazila: za \u0161olski sklad, referenca SI 00 920 001. Ob tem se Vam \u017ee vnaprej zahvaljujemo za Va\u0161e prispevke.<\/p>\n<p>Pomagate lahko:<\/p>\n<ul>\n<li><strong>z denarnim prispevkom na polo\u017enici v novembru in aprilu<\/strong><\/li>\n<\/ul>\n<ul>\n<li><strong>z namenitvijo dela dohodnine za \u0161olski sklad:&nbsp;<\/strong><\/li>\n<\/ul>\n<p>S spremembo Zakona o organizaciji in financiranju vzgoje in izobra\u017eevanja (135. \u010dlen ZOFVI-M, Ur. l. RS \u0161t. 172\/21) ima sklad sedaj mo\u017enost pridobiti sredstva iz dohodnine, ki jih lahko naka\u017eete vsi star\u0161i, ki ste dav\u010dni zavezanci v R Sloveniji.&nbsp; \u0160olskemu skladu lahko namenite del svoje dohodnine (do 0,3 %). Namenitev dela dohodnine je brezpla\u010dna in vas ni\u010d ne stane, saj gre va\u0161a pla\u010dana dohodnina namesto v dr\u017eavni prora\u010dun \u0161olskemu skladu.<\/p>\n<p>To lahko storitev&nbsp; zelo enostavno in sicer tako, da:<\/p>\n<p>&nbsp;\u2013 v portalu <a href=\"https:\/\/edavki.durs.si\/\" target=\"_blank\" rel=\"noopener\">eDavki<\/a> oddate obrazec \u00bbZahteva za namenitev dela dohodnine za donacije &nbsp;&nbsp;&nbsp;&nbsp;(Doh-Don)\u00ab v katerem kot dav\u010dno \u0161tevilko upravi\u010denca navedete \u00bb70073627\u00ab in vpi\u0161ete odstotek \u00bb0,3\u00ab,<\/p>\n<p>\u2013 izpolnite obrazec \u00bb<a href=\"https:\/\/edavki.durs.si\/EdavkiPortal\/openportal\/CommonPages\/Opdynp\/PageD.aspx?category=namenitev_dela_dohodnine_fo\" target=\"_blank\" rel=\"noopener\">Zahteva za namenitev dela dohodnine za donacije&nbsp;<\/a>\u00ab s svojimi podatki, ga natisnete in podpi\u0161ete ter ga do konca leta (31. 12. 2024) va\u0161 otrok odda razredni\u010darki\/razredniku, lahko pa ga tudi sami po\u0161ljete ali odnesete na&nbsp; finan\u010dni urad:<\/p>\n<ul>\n<li><a href=\"https:\/\/www.sola-miklavz.si\/files\/2024\/09\/doh_don.i.sl.pdf\" target=\"_blank\" rel=\"noopener\">OBRAZEC ZA DONACIJO V&nbsp; \u0160OLSKI SKLAD<\/a><\/li>\n<\/ul>\n<p style=\"text-align: right\"><strong>&nbsp;<\/strong>Predstavniki \u0161olskega sklada<\/p>\n<p style=\"text-align: right\">O\u0160 Miklav\u017e na Dravskem polju<\/p>\n<p>&#8212;&#8212;&#8212;&#8212;&#8212;&#8212;&#8212;&#8212;&#8212;&#8212;&#8212;&#8212;&#8212;&#8212;&#8212;&#8212;&#8212;&#8212;&#8212;&#8212;&#8212;&#8212;&#8212;&#8212;&#8212;&#8212;&#8212;&#8212;&#8212;&#8212;&#8212;&#8212;&#8212;&#8212;&#8212;<\/p>\n<ul>\n<li><a href=\"https:\/\/www.sola-miklavz.si\/files\/2022\/01\/Pravila-o-delovanju-solskega-sklada-OS-Miklavz-na-Dravskem-polju.pdf\" target=\"_blank\" rel=\"noopener\">Pravila o delovanju \u0161olskega sklada O\u0160 Miklav\u017e na Dravskem polju<\/a><\/li>\n<li><a href=\"http:\/\/solamiklavz.splet.arnes.si\/files\/2021\/01\/Merila-in-kriteriji-za-\u0161olski-sklad.pdf\" target=\"_blank\" rel=\"noopener\">Merila in kriteriji za \u0161olski sklad<\/a><\/li>\n<\/ul>\n<p>Program dela \u0161olskega sklada:<\/p>\n<ul>\n<li><a href=\"https:\/\/www.sola-miklavz.si\/files\/2022\/01\/PROGRAM-DELA-SOLSKEGA-SKLADA-OS-MIKLAVZ-NA-DRAVSKEM-POLJU-za-solsko-leto-2021_22.pdf\">PROGRAM DELA \u0160OLSKEGA SKLADA O\u0160 MIKLAV\u017d NA DRAVSKEM POLJU za \u0161ol<\/a><a href=\"https:\/\/www.sola-miklavz.si\/files\/2023\/08\/PROGRAM-DELA-SOLSKEGA-SKLADA-OS-MIKLAVZ-NA-DRAVSKEM-POLJU-za-solsko-leto-2022_23.docx\" target=\"_blank\" rel=\"noopener\">sko leto 2022-23<\/a><\/li>\n<li>&nbsp;<a href=\"https:\/\/www.sola-miklavz.si\/files\/2025\/10\/PROGRAM-DELA-SOLSKEGA-SKLADA-OS-MIKLAVZ-NA-DRAVSKEM-POLJU-za-solsko-leto-2025_26.pdf\">PROGRAM DELA \u0160OLSKEGA SKLADA O\u0160 MIKLAV\u017d NA DRAVSKEM POLJU za \u0161olsko leto 2025_26<\/a><\/li>\n<\/ul>\n<p>Poro\u010dilo o realizaciji letnega programa \u0161olskega sklada:<\/p>\n<ul>\n<li><a href=\"https:\/\/www.sola-miklavz.si\/files\/2024\/09\/Porocilo-o-realizaciji-2023_24.pdf\" target=\"_blank\" rel=\"noopener\">Poro\u010dilo o realizaciji letnega programa \u0161olskega sklada O\u0160 Miklav\u017e na Dravskem polju za \u0161olsko leto 2023_2024<\/a><\/li>\n<li><a href=\"https:\/\/www.sola-miklavz.si\/files\/2024\/02\/Porocilo-o-realizaciji-2022_23.pdf\" target=\"_blank\" rel=\"noopener\">Poro\u010dilo o realizaciji letnega programa \u0161olskega sklada O\u0160 Miklav\u017e na Dravskem polju za \u0161olsko leto 2022_2023<\/a><\/li>\n<li><a href=\"https:\/\/www.sola-miklavz.si\/files\/2024\/02\/Porocilo-o-realizaciji-2021_2022.pdf\" target=\"_blank\" rel=\"noopener\">Poro\u010dilo o realizaciji letnega programa \u0161olskega sklada O\u0160 Miklav\u017e na Dravskem polju za \u0161olsko leto 2021_2022<\/a><\/li>\n<li><a href=\"https:\/\/www.sola-miklavz.si\/files\/2025\/10\/Porocilo-solski-sklad-24_251-polletno-jan-julij.pdf\">Poro\u010dilo \u0161olski sklad \u0161olsko leto 2024\/25 januar &#8211; julij<\/a><\/li>\n<\/ul>\n<p>&nbsp;<\/p>\n<p>&nbsp;<\/p>\n","protected":false},"excerpt":{"rendered":"<p>Spo\u0161tovani star\u0161i, na na\u0161i \u0161oli \u017ee vrsto let deluje \u0161olski sklad. Sredstva \u0161olskega sklada se zbirajo iz prispevkov star\u0161ev u\u010dencev \u0161ole, prispevkov donatorjev in drugih virov (zbiralne akcije papirja, bazar, \u2026). Iz \u0161olskega sklada se financirajo dejavnosti posameznega razreda, ki presegajo obseg in sestavine obveznega vzgojno-izobra\u017eevalnega programa, zvi\u0161evanje standarda pouka&#46;&#46;&#46;<\/p>\n","protected":false},"author":2448,"featured_media":0,"parent":0,"menu_order":0,"comment_status":"closed","ping_status":"open","template":"","meta":{"ngg_post_thumbnail":0,"footnotes":"","_expiration-date-status":"","_expiration-date":0,"_expiration-date-type":"","_expiration-date-categories":[],"_expiration-date-options":[]},"class_list":["post-1153","page","type-page","status-publish","hentry"],"_links":{"self":[{"href":"https:\/\/www.sola-miklavz.si\/index.php?rest_route=\/wp\/v2\/pages\/1153","targetHints":{"allow":["GET"]}}],"collection":[{"href":"https:\/\/www.sola-miklavz.si\/index.php?rest_route=\/wp\/v2\/pages"}],"about":[{"href":"https:\/\/www.sola-miklavz.si\/index.php?rest_route=\/wp\/v2\/types\/page"}],"author":[{"embeddable":true,"href":"https:\/\/www.sola-miklavz.si\/index.php?rest_route=\/wp\/v2\/users\/2448"}],"replies":[{"embeddable":true,"href":"https:\/\/www.sola-miklavz.si\/index.php?rest_route=%2Fwp%2Fv2%2Fcomments&post=1153"}],"version-history":[{"count":15,"href":"https:\/\/www.sola-miklavz.si\/index.php?rest_route=\/wp\/v2\/pages\/1153\/revisions"}],"predecessor-version":[{"id":31634,"href":"https:\/\/www.sola-miklavz.si\/index.php?rest_route=\/wp\/v2\/pages\/1153\/revisions\/31634"}],"wp:attachment":[{"href":"https:\/\/www.sola-miklavz.si\/index.php?rest_route=%2Fwp%2Fv2%2Fmedia&parent=1153"}],"curies":[{"name":"wp","href":"https:\/\/api.w.org\/{rel}","templated":true}]}}